74 = -r + y, r + 3*r + 5*y - o = 0. Is r a prime number?
True
Is (-32)/48 - (-1)/(9/775779) a prime number?
True
Let b(r) be the third derivative of 7*r**5/10 + 5*r**4/24 - r**3/2 + 34*r**2. Is b(-4) prime?
False
Let u be (-8)/(-20) - 6/(-10). Is 5 + u + -1 + -3 a composite number?
False
Let a(g) = -2*g + 12. Let b be a(5). Suppose -p + 22 = -b*f - 23, 4*f + 184 = 4*p. Suppose -y - 13 = -p. Is y composite?
True
Let l = -124 - -295. Let p = -22 + l. Is p prime?
True
Let l = 44835 - 31940. Is l a prime number?
False
Let k be 1/(-1 - (-15)/10). Suppose 1789 = 3*n - n - 5*x, k*x = -5*n + 4429. Is n composite?
False
Let y(r) = -2*r**3 - 11*r**2 + 11*r - 34. Let u = -1 + -11. Is y(u) a composite number?
True
Let s be (-21)/(-4) + 2/(-8). Let a be (-1 + (3 - 6))/((-12)/1944). Suppose 0*p - a = -4*p - s*b, -b - 467 = -3*p. Is p a prime number?
True
Let q be 5/((-2 - -3) + 0). Let r be (-4 - (-3)/1)*-2*3. Suppose 3*b - r*p + p - 23 = 0, -q*p + 10 = 0. Is b prime?
True
Suppose 10*f = 14*f - 23900. Suppose -4*q - f = -5*i, 2*q = 5*i - 0*i - 5985. Is i composite?
True
Let v(x) = x**3 + 20*x**2 - 14*x - 6. Let g(f) = f**2 + f - 1. Let t(l) = -4*g(l) + v(l). Is t(-13) prime?
True
Let o = -18 - -5. Let g = o + 15. Suppose g*n + 54 = 228. Is n composite?
True
Let n = -49 - -51. Suppose 2*f - 5*i - 526 = -0*i, n*f - i = 526. Is f a composite number?
False
Let u(f) = -f**3 - 2*f**2 + 2*f - 7. Suppose 2*b + 9 = -5. Let h be u(b). Suppose -4*r = -4*a + 160, -2*a - 3*a + h = 3*r. Is a a prime number?
True
Let p be (-19195)/(-25) - (-1)/5. Let i = 3713 - p. Suppose 5*s - i = 2*r, -5*s + 2*r = -3*r - 2960. Is s a prime number?
True
Suppose 0 = 2*n - 4*t + 728 - 4238, 4*n = -3*t + 7042. Is n composite?
False
Let m = -337 - -605. Let s = -206 + 97. Let j = s + m. Is j prime?
False
Suppose 16*u + 14736 = 32*u. Is u a prime number?
False
Let u(p) = p**3 - 6*p**2 - p. Let c be u(6). Let o be (-12)/(-8) + (-3)/c. Suppose -o*k + 422 = 3*j, 0*k + 633 = 3*k - 2*j. Is k prime?
True
Suppose -2*y - 36 = -5*y. Let q(p) = 11*p + 1. Let w be q(y). Let a = -78 + w. Is a prime?
False
Let b be (-2 - -2) + -2 + 14. Let l be b/(4210/1402 + -3). Is l/22 - 6/33 prime?
True
Suppose -49333 = -5*o - 5*c + 3*c, -c = 5*o - 49329. Is (-1 + -1)/(((-50)/o)/5) composite?
False
Let u(g) = 3*g + 19. Let z be u(-9). Let w(m) = -20*m - 4 - 3 - 4. Is w(z) prime?
True
Let z(s) = 2*s + 26. Let v be z(-10). Suppose v*x - 2*x - 2764 = 0. Is x a prime number?
True
Let w = 24 + -21. Let u = 14 - -243. Suppose -316 = -w*d + u. Is d a prime number?
True
Let g(r) = 323*r + 8. Let p(o) = 645*o + 15. Let y(n) = 11*g(n) - 6*p(n). Let b be y(-1). Is b/4 + 3/12 a prime number?
True
Suppose 0 = 18*k - 17*k + 2*h - 6289, 4*k = -3*h + 25156. Is k a composite number?
True
Let z(m) = -1. Let o(g) be the first derivative of -225*g**2/2 - 5*g + 4. Let w(h) = -o(h) + 3*z(h). Is w(3) composite?
False
Suppose -4*x - 2*x = -19626. Is x prime?
True
Let j = 25 - 40. Let u be (-50)/j*6/(-2). Let a = 14 + u. Is a a prime number?
False
Let i = 48 - 24. Suppose 0 = 2*d + d + i. Is 123 + (-3)/((-12)/d) composite?
True
Let k be (-10211)/(-3) - 2/(-6). Suppose -4*c = -k - 1384. Let v = c + -782. Is v a composite number?
True
Suppose -18*q + 13*q = -3*a + 138027, 0 = 3*a + 5*q - 138027. Is a a prime number?
False
Let f(c) = 3*c - 4. Let b be f(2). Is (1 + -1)/b - -3265 prime?
False
Is (-42504)/(-5) + 3 + (-112)/40 composite?
False
Let q = 730 - 117. Is q a prime number?
True
Let o be 2/8 + (-2190)/(-8). Let t = -1034 - -963. Let f = o + t. Is f a prime number?
False
Let r = -52 + 54. Is r - 3/(-4)*2036/1 composite?
True
Suppose 0 = 4*q - 2*c + 24, q = 2*c + 3*c - 6. Is ((-2032)/(-48))/((-2)/q) prime?
True
Is -339*44/(-6) - -5 prime?
False
Let o(z) = 1254*z**2 + 4*z - 4. Is o(3) a composite number?
True
Suppose 45894 = 3*j - 3*q, -2*j - 5*q - 30581 = -4*j. Is j prime?
False
Let o(k) be the second derivative of -k**5/5 - k**4/12 + k**3/2 + k**2/2 + 9*k. Is o(-2) a prime number?
True
Suppose 0*g - 4*g - 5*t - 50 = 0, 4*g = -2*t - 44. Suppose 2*c + 2*y = 4*y + 4974, 4*c = 2*y + 9946. Is (-2)/(-5) - c/g prime?
False
Is 2/3*(-1496088)/(-176) composite?
True
Let u = 7 + 3. Suppose 18*c - 13*c + u = 0. Is (3/c)/((-2)/148) prime?
False
Let u(q) = -q**3 + 2*q**2 + 3*q + 1. Let f be u(-2). Let h = -19 + f. Is 633/5 + h/(-20) composite?
False
Suppose 4*g + 4*z - 16324 = 8*z, -2*g = 2*z - 8170. Is g composite?
True
Let g = -12885 - -18104. Is g prime?
False
Suppose 16*m = 20*m - 52252. Is m a composite number?
False
Let y be -4 + (240 - 0 - -2). Let n be y/42 + 2/(-3). Suppose 0 = -4*t + d - 0*d + 807, -n*t + 1005 = -5*d. Is t composite?
True
Let l(w) = 6*w + 16. Let g(o) = 2*o + 5. Let t(b) = -11*g(b) + 4*l(b). Let c be t(-6). Is (c - -8) + (1 - -1) composite?
False
Let i be (36/(-5))/4*-5 + -4. Suppose -i*l - 91 = -4*s, 0*s = -5*s + 5*l + 110. Is s composite?
False
Suppose -7*x - 8 = -5*x. Suppose 2*n + 23 = -25. Is n/(-16) - 1670/x a prime number?
True
Let x = 5862 - 3855. Suppose -5*p = -x - 9058. Is p prime?
True
Is 23886/4 - (-5 + (-88)/(-16)) prime?
False
Let s(i) = 54*i**2. Let p be s(1). Suppose 6*h - 11*h - 1002 = -4*y, 4*y + h = 1014. Let u = y + p. Is u composite?
False
Suppose -5*p + 4364 = b, p = -78*b + 76*b + 8737. Is b prime?
False
Suppose 4*x + 5*c = 13, 0*x = 3*x - 2*c - 4. Suppose -4*a + 222 = -x*a. Is a a composite number?
True
Suppose -2*i + 4*y - 44 = 2*i, -23 = 3*i - y. Let n(r) = -41*r + 11. Let d(m) = -m. Let j(h) = 5*d(h) + n(h). Is j(i) composite?
True
Let x(i) = -5*i + 1. Let u be x(-7). Suppose -u = 2*r - 5*r. Let b(s) = s**3 - 10*s**2 - 11*s - 7. Is b(r) a prime number?
True
Suppose -2*m - 3*q = m - 9, -4*m = -4*q - 4. Suppose -v = -4*g - 661, 2*g + 3*g + 1331 = m*v. Is v prime?
True
Let q be (-9 - -36)/(2/10). Let r = q + -2. Is r a composite number?
True
Suppose 8*p = 2017 - 417. Let d = p + 1017. Is d prime?
True
Let z(k) = 23*k + 53. Is z(4) a prime number?
False
Suppose 13*t - 7562 = -373. Is t prime?
False
Let h = -697 + 1572. Suppose 10 = 6*m - m, -2*m = -3*i + h. Is i a prime number?
True
Let j be (-42)/(-56) - 13/(-4). Let r(v) = 4*v**3 + 2*v**2 + v - 5. Is r(j) composite?
True
Suppose i + 2*i = 6. Suppose 1 + i = 3*q. Is q + 6/3*11 composite?
False
Suppose -5517 = -5*v - 4*d, -2*v = -7*v - 3*d + 5519. Let k = 2259 - v. Is k composite?
True
Suppose -4*k = -256 + 32. Suppose k = -0*g + 4*g. Suppose g*y - 2075 = 9*y. Is y prime?
False
Suppose -5*h + 4*y = -14, -h + 3 = -0*y - y. Suppose -h = -a - 0. Let k(u) = 191*u**2 + u + 3. Is k(a) a prime number?
True
Suppose 0*x + 3*x = 5*y + 95, 2*x = -2*y - 54. Is 5434/y*2/(-2) composite?
True
Let u be -1*6 + (10/(-1))/(-5). Is -18*(-367)/2 + u a composite number?
False
Let n = -6294 - -27955. Is n composite?
False
Suppose 0*p + 5*s + 19 = 2*p, -59 = -5*p + s. Let d be (p - 2)*110/4. Suppose -5*u + 275 = -5*z, z + d = 6*u - u. Is u a composite number?
True
Suppose -q - 7*q - 184 = 0. Let i = q - -78. Is i prime?
False
Suppose 3*j + p + 99 = -46, -1 = p. Let w(q) = -2*q**2 + 6*q - 3. Let z be w(-5). Let x = j - z. Is x prime?
False
Let o = 0 - -2. Is 2932/(-6)*9/(-12)*o composite?
False
Suppose -5*k + 18 = 2*d - 19, 2*k = 2*d - 58. Let h = 54 - d. Suppose -3*t = 2*f - 3*f + h, -f + 4*t + 25 = 0. Is f a composite number?
False
Let c = 19691 + -11234. Is c prime?
False
Let n(b) = -273*b - 292. Is n(-45) a prime number?
False
Is (-1)/11 - (-905568)/44 prime?
False
Let l = 12 + 3. Let g = 19 - l. Suppose -52 = -g*u + 1176. Is u prime?
True
Suppose v - 40952 = -3*u, 3*u - 27283 = u + 3*v. Is u a prime number?
True
Let c = 11 - 6. Let f = 8 - c. Suppose 3*d - f*u + 61 = 8*d, -u = -2*d + 20. Is d composite?
False
Let h be 4 - (2 - (-1 + 0)) - -1. Suppose h*t + 498 = 1886. Is t prime?
False
Let s(z) = -143*z + 1. Let b(r) = -71*r. Let d(x) = 7*b(x) - 4*s(x). Is d(2) composite?
True
Let r = 11 + -9. Suppose -r*a + 8 + 12 = b, 0 = -a + 5*b + 10. Let p = a - 3. Is p a prime number?
True
Let o(y) = y**2 + 4*y - 6. Let x be o(-6). Suppose -2*l + 56 = -x*l. Let h = l - -48. Is h a composite number?
True
Let a(g) = 3459*g - 385. Is a(6) a composite number?
False
Suppose -55 = 51*j - 46*j. Let z(l) = -27*l - 28. Is z(j) composite?
False
Is (-2)/(-6) - (-1723968)/432 a composite num